rime?
True
Is 122578257 a prime number?
False
Is 29195736055 composite?
True
Is 11890111663 a prime number?
True
Is 911414323 a composite number?
False
Is 3768264229 composite?
True
Is 1122126923 prime?
True
Is 10783189747 composite?
True
Is 124820581 a prime number?
False
Is 38431384291 prime?
True
Is 2603028401 a composite number?
True
Is 2229205981 prime?
False
Is 1781942999 composite?
False
Is 549034219 a composite number?
True
Is 16239221213 prime?
True
Is 43664881987 a composite number?
False
Is 4005372797 composite?
False
Is 15776156881 composite?
True
Is 2714199353 a composite number?
False
Is 17107406911 a composite number?
True
Is 7882615723 composite?
False
Is 234169218671 prime?
False
Is 14545856393 prime?
True
Is 1775806754 a composite number?
True
Is 64598423753 composite?
True
Is 3138029507 a prime number?
False
Is 816368563 a composite number?
True
Is 34666391443 composite?
False
Is 2021861519 a composite number?
False
Is 5667633529 a composite number?
True
Is 731521517 composite?
True
Is 199169563 prime?
True
Is 2293755553 a composite number?
True
Is 29266576271 a prime number?
True
Is 200996209 composite?
True
Is 3346602197 a composite number?
True
Is 1365240889 prime?
False
Is 4681935253 a prime number?
False
Is 14822011 a composite number?
True
Is 29941993 a composite number?
False
Is 21299063 a composite number?
False
Is 13765575071 composite?
True
Is 8443429565 a composite number?
True
Is 478075487 prime?
True
Is 79829527369 a prime number?
True
Is 123340681 prime?
False
Is 3373984247 composite?
True
Is 329065409 composite?
False
Is 85505871921 a composite number?
True
Is 4691990063 composite?
True
Is 647831099 prime?
False
Is 52758821 composite?
False
Is 1468466437 a prime number?
True
Is 15477613889 a prime number?
False
Is 1549198499 prime?
False
Is 6560421583 prime?
False
Is 3706378853 composite?
True
Is 57266578223 a prime number?
True
Is 9318420487 composite?
False
Is 30504697373 a composite number?
False
Is 40660748455 prime?
False
Is 22717351 prime?
True
Is 1624956757 a composite number?
True
Is 4325926597 a prime number?
True
Is 1978053667 composite?
False
Is 147933178271 composite?
True
Is 42002971793 a prime number?
False
Is 4093940759 composite?
True
Is 6911925653 prime?
False
Is 1544776283 composite?
True
Is 31251029213 composite?
True
Is 119785803581 prime?
False
Is 770451011 a prime number?
False
Is 288528239 a prime number?
True
Is 4565094449 a prime number?
False
Is 15209108573 composite?
True
Is 14259311819 composite?
True
Is 342310097 composite?
True
Is 17539556921 composite?
True
Is 1543399919 composite?
False
Is 18592116281 a prime number?
False
Is 15931791011 a prime number?
False
Is 50279067557 prime?
True
Is 11174424551 prime?
True
Is 2912810657 a composite number?
False
Is 11889501014 a prime number?
False
Is 1889523161 a composite number?
True
Is 58500777163 a composite number?
False
Is 1241468593 prime?
True
Is 112432534761 prime?
False
Is 44757262313 a composite number?
True
Is 13318185017 a prime number?
True
Is 59783836963 a prime number?
True
Is 85013161 a composite number?
True
Is 496066651 prime?
False
Is 5253252931 prime?
False
Is 1749638747 composite?
False
Is 1607253023 composite?
True
Is 1203029027 prime?
False
Is 9943672223 composite?
False
Is 1877292253 composite?
True
Is 202378789 a prime number?
False
Is 4699736719 composite?
False
Is 5812157161 a prime number?
True
Is 225156571 composite?
True
Is 152316586735 a prime number?
False
Is 521643217 a prime number?
True
Is 86929361 composite?
True
Is 44858861117 composite?
True
Is 192684892951 a prime number?
True
Is 359615389 a prime number?
False
Is 44472923799 composite?
True
Is 297727999 prime?
False
Is 2243845883 prime?
False
Is 645133837 prime?
False
Is 15228188203 a composite number?
False
Is 3212253713 prime?
True
Is 8569057979 composite?
False
Is 8880201877 a composite number?
False
Is 7549176353 a prime number?
True
Is 45400277281 composite?
True
Is 11372090699 a prime number?
False
Is 150296465857 prime?
False
Is 1827274811 a composite number?
False
Is 15554361509 composite?
True
Is 4159972793 a prime number?
False
Is 212940341 a composite number?
False
Is 2910514407 a prime number?
False
Is 4933272847 prime?
False
Is 100871359 composite?
False
Is 25191743147 a prime number?
False
Is 55107132209 a composite number?
False
Is 4385712229 a prime number?
True
Is 4369560157 a prime number?
True
Is 1313047739 a composite number?
False
Is 33630674381 prime?
False
Is 4460939017 prime?
False
Is 12796134127 a composite number?
True
Is 1165809223 a prime number?
True
Is 84899851 a composite number?
False
Is 2747333927 prime?
False
Is 17271131 a prime number?
False
Is 746556691 prime?
True
Is 3232529129 composite?
False
Is 754932359 a prime number?
True
Is 1982851085 a prime number?
False
Is 2458167193 composite?
False
Is 16854748781 composite?
True
Is 6975970643 a prime number?
True
Is 5887714123 prime?
True
Is 15466677997 composite?
True
Is 511616165 composite?
True
Is 22299203243 prime?
False
Is 1754181653 composite?
True
Is 710892709 prime?
True
Is 1134841031 a prime number?
True
Is 1192003223 composite?
True
Is 1983450619 a composite number?
True
Is 18386138963 a composite number?
False
Is 47341615631 a composite number?
False
Is 151352717 prime?
False
Is 7433893513 prime?
True
Is 218978393 prime?
True
Is 5974339177 prime?
True
Is 407483407 prime?
False
Is 1102794587 prime?
True
Is 17779510949 prime?
False
Is 6644459005 composite?
True
Is 222297769 a composite number?
False
Is 493738774 a composite number?
True
Is 418322659 a prime number?
True
Is 208914715 a composite number?
True
Is 1916440093 composite?
False
Is 16234357823 composite?
False
Is 40274642321 composite?
True
Is 11108495491 a composite number?
True
Is 6553536707 prime?
True
Is 11380860203 a composite number?
False
Is 1714033499 prime?
True
Is 9451474757 composite?
False
Is 10395235891 a composite number?
False
Is 54394670305 a prime number?
False
Is 48970395051 prime?
False
Is 976814519 a composite number?
True
Is 8709006479 a composite number?
True
Is 569099717 a composite number?
True
Is 24003612229 prime?
False
Is 54270877 a composite number?
False
Is 4236530819 a prime number?
True
Is 94710387371 a composite number?
False
Is 255981541 a composite number?
True
Is 820929911 composite?
False
Is 13389498839 composite?
True
Is 39503850767 composite?
True
Is 702956789 a prime number?
False
Is 1693802401 prime?
True
Is 1215138739 composite?
False
Is 183561788479 a prime number?
False
Is 22657524937 a composite number?
False
Is 74654491 prime?
True
Is 11541879781 composite?
False
Is 3387457509 a composite number?
True
Is 38170184707 a composite number?
False
Is 1847288633 a composite number?
True
Is 4123712399 a composite number?
True
Is 1427643023 a composite number?
False
Is 37372323437 prime?
True
Is 29267635997 composite?
True
Is 1384186553 a composite number?
False
Is 8023489457 prime?
True
Is 2532154441 prime?
False
Is 1095170723 composite?
False
Is 495337153 prime?
True
Is 1977335519 prime?
True
Is 46881620039 prime?
True
Is 89599280167 a composite number?
False
Is 3418142443 a composite number?
True
Is 15426365821 a composite number?
True
Is 472310233 a prime number?
True
Is 101930243 composite?
True
Is 41127182879 prime?
True
Is 16712472937 prime?
True
Is 1039549409 a composite number?
False
Is 155562013 a prime number?
True
Is 2217376561 prime?
True
Is 82169021 a composite number?
True
Is 807551849 composite?
True
Is 5158565771 a prime number?
True
Is 1617892153 prime?
True
Is 5429646139 a composite number?
True
Is 6467479127 composite?
False
Is 72198880111 composite?
False
Is 98300539 prime?
True
Is 9878376701 a prime number?
False
Is 18897416183 a prime number?
False
Is 80601864611 composite?
True
Is 32358467 a composite number?
False
Is 5527944067 a composite number?
True
Is 334762331 composite?
False
Is 1546554349 composite?
False
Is 501582271 a prime number?
True
Is 23366340061 composite?
False
Is 383543279 a prime number?
False
Is 4538890261 composite?
True
Is 52697081 prime?
True
Is 14896826317 composite?
True
Is 17610285311 composite?
True
Is 690485771 a prime number?
True
Is 8504633629 a prime number?
True
Is 1748011997 prime?
True
Is 4020828935 a 